f 651.
3, 7, 31
List the prime factors of 7439.
43, 173
List the prime factors of 1310.
2, 5, 131
What are the prime factors of 2016?
2, 3, 7
List the prime factors of 864.
2, 3
List the prime factors of 1779.
3, 593
What are the prime factors of 8267?
7, 1181
List the prime factors of 27480.
2, 3, 5, 229
What are the prime factors of 973?
7, 139
List the prime factors of 93945.
3, 5, 6263
List the prime factors of 85.
5, 17
List the prime factors of 50213.
149, 337
List the prime factors of 42683.
42683
What are the prime factors of 4391?
4391
What are the prime factors of 545?
5, 109
List the prime factors of 2984.
2, 373
List the prime factors of 22295.
5, 7, 13
What are the prime factors of 2186?
2, 1093
List the prime factors of 43098.
2, 3, 11, 653
List the prime factors of 1010.
2, 5, 101
List the prime factors of 44834.
2, 29, 773
What are the prime factors of 23175?
3, 5, 103
What are the prime factors of 16468?
2, 23, 179
What are the prime factors of 3913?
7, 13, 43
What are the prime factors of 59545?
5, 11909
List the prime factors of 140310.
2, 3, 5, 1559
What are the prime factors of 60494?
2, 7, 29, 149
What are the prime factors of 19370?
2, 5, 13, 149
What are the prime factors of 12503?
12503
What are the prime factors of 3041?
3041
List the prime factors of 1520.
2, 5, 19
List the prime factors of 2338.
2, 7, 167
List the prime factors of 26004.
2, 3, 11, 197
List the prime factors of 5109.
3, 13, 131
What are the prime factors of 19614?
2, 3, 7, 467
List the prime factors of 4897.
59, 83
What are the prime factors of 13365?
3, 5, 11
What are the prime factors of 1352?
2, 13
What are the prime factors of 11281?
29, 389
What are the prime factors of 917?
7, 131
What are the prime factors of 16631?
16631
What are the prime factors of 478?
2, 239
List the prime factors of 38535.
3, 5, 7, 367
List the prime factors of 2484.
2, 3, 23
What are the prime factors of 967?
967
List the prime factors of 70202.
2, 11, 3191
List the prime factors of 11715.
3, 5, 11, 71
List the prime factors of 1050.
2, 3, 5, 7
List the prime factors of 21642.
2, 3, 3607
What are the prime factors of 1586?
2, 13, 61
What are the prime factors of 1125?
3, 5
What are the prime factors of 2463?
3, 821
List the prime factors of 1068.
2, 3, 89
List the prime factors of 3168.
2, 3, 11
What are the prime factors of 8009?
8009
List the prime factors of 1545.
3, 5, 103
What are the prime factors of 8079?
3, 2693
What are the prime factors of 4268?
2, 11, 97
What are the prime factors of 49458?
2, 3, 8243
List the prime factors of 756.
2, 3, 7
List the prime factors of 7732.
2, 1933
List the prime factors of 3.
3
What are the prime factors of 1472?
2, 23
What are the prime factors of 1148?
2, 7, 41
List the prime factors of 21201.
3, 37, 191
What are the prime factors of 30642?
2, 3, 5107
What are the prime factors of 118809?
3, 43, 307
What are the prime factors of 55928?
2, 6991
What are the prime factors of 7761?
3, 13, 199
What are the prime factors of 503?
503
What are the prime factors of 5304?
2, 3, 13, 17
List the prime factors of 77738.
2, 47, 827
List the prime factors of 33726.
2, 3, 7, 11, 73
What are the prime factors of 4765?
5, 953
What are the prime factors of 3053?
43, 71
What are the prime factors of 1424?
2, 89
List the prime factors of 4307.
59, 73
List the prime factors of 10686.
2, 3, 13, 137
List the prime factors of 3343.
3343
List the prime factors of 25493.
13, 37, 53
List the prime factors of 15499.
11, 1409
What are the prime factors of 16782?
2, 3, 2797
List the prime factors of 36809.
36809
List the prime factors of 64783.
64783
What are the prime factors of 5970?
2, 3, 5, 199
List the prime factors of 677.
677
List the prime factors of 41746.
2, 20873
What are the prime factors of 434?
2, 7, 31
What are the prime factors of 1622?
2, 811
List the prime factors of 25845.
3, 5, 1723
List the prime factors of 2672.
2, 167
What are the prime factors of 38690?
2, 5, 53, 73
List the prime factors of 58631.
58631
What are the prime factors of 478?
2, 239
What are the prime factors of 34790?
2, 5, 7, 71
List the prime factors of 683.
683
What are the prime factors of 263?
263
What are the prime factors of 5888?
2, 23
List the prime factors of 3607.
3607
List the prime factors of 137942.
2, 7, 59, 167
What are the prime factors of 14261?
13, 1097
List the prime factors of 29200.
2, 5, 73
List the prime factors of 51079.
7, 7297
List the prime factors of 3898.
2, 1949
List the prime factors of 4298.
2, 7, 307
List the prime factors of 159288.
2, 3, 6637
List the prime factors of 16946.
2, 37, 229
What are the prime factors of 327?
3, 109
What are the prime factors of 72989?
7, 10427
List the prime factors of 9519.
3, 19, 167
What are the prime factors of 1050?
2, 3, 5, 7
What are the prime factors of 3226?
2, 1613
What are the prime factors of 557?
557
What are the prime factors of 28230?
2, 3, 5, 941
List the prime factors of 891.
3, 11
What are the prime factors of 7635?
3, 5, 509
What are the prime factors of 46210?
2, 5, 4621
What are the prime factors of 4837?
7, 691
List the prime factors of 5292.
2, 3, 7
List the prime factors of 23923.
47, 509
What are the prime factors of 75401?
75401
List the prime factors of 74830.
2, 5, 7, 1069
What are the prime factors of 1099?
7, 157
What are the prime factors of 32206?
2, 16103
What are the prime factors of 3220?
2, 5, 7, 23
What are the prime factors of 3633?
3, 7, 173
List the prime factors of 2530.
2, 5, 11, 23
What are the prime factors of 1012?
2, 11, 23
List the prime factors of 167234.
2, 83617
List the prime factors of 17927.
7, 13, 197
What are the prime factors of 62027?
7, 8861
What are the prime factors of 6109?
41, 149
List the prime factors of 1477.
7, 211
What are the prime factors of 3904?
2, 61
List the prime factors of 3359.
3359
What are the prime factors of 655?
5, 131
List the prime factors of 29.
29
What are the prime factors of 21233?
17, 1249
What are the prime factors of 317?
317
What are the prime factors of 68057?
11, 23, 269
What are the prime factors of 29278?
2, 14639
List the prime factors of 16255.
5, 3251
What are the prime factors of 876?
2, 3, 73
What are the prime factors of 13057?
11, 1187
What are the prime factors of 1159?
19, 61
List the prime factors of 21216.
2, 3, 13, 17
List the prime factors of 7827.
3, 2609
List the prime factors of 163977.
3, 11, 4969
List the prime factors of 31084.
2, 19, 409
List the prime factors of 21059.
21059
List the prime factors of 3018.
2, 3, 503
List the prime factors of 968.
2, 11
List the prime factors of 201810.
2, 3, 5, 7, 31
What are the prime factors of 599?
599
What are the prime factors of 8607?
3, 19, 151
What are the prime factors of 109148?
2, 13, 2099
List the prime factors of 41326.
2, 20663
What are the prime factors of 6831?
3, 11, 23
What are the prime factors of 59?
59
What are the prime factors of 8245?
5, 17, 97
List the prime factors of 2332.
2, 11, 53
What are the prime factors of 8219?
8219
What are the prime factors of 40429?
40429
List the prime factors of 7911.
3, 293
What are the prime factors of 3528?
2, 3, 7
What are the prime factors of 1255?
5, 251
What are the prime factors of 28447?
28447
List the prime factors of 22830.
2, 3, 5, 761
List the prime factors of 3169.
3169
List the prime factors of 160418.
2, 80209
What are the prime factors of 2549?
2549
What are the prime factors of 1362?
2, 3, 227
List the prime factors of 2617.
2617
What are the prime factors of 1479?
3, 17, 29
List the prime factors of 47251.
47251
List the prime factors of 1790.
2, 5, 179
What are the prime factors of 565?
5, 113
List the prime factors of 25023.
3, 19, 439
List the prime factors of 7448.
2, 7, 19
What are the prime factors of 8593?
13, 661
List the prime factors of 6995.
5, 1399
What are the prime factors of 3130?
2, 5, 313
List the prime factors of 10632.
2, 3, 443
List the prime factors of 1094.
2, 547
What are the prime factors of 64?
2
List the prime factors of 4525.
5, 181
List the prime factors of 3205.
5, 641
What are the prime factors of 52083?
3, 643
List the prime factors of 4650.
2, 3, 5, 31
What are the prime factors of 824?
2, 103
What are the prime factors of 11093?
11093
List the pr